 18 a factor of 2076642?
True
Is 1268688 a multiple of 2?
True
Is 584779 a multiple of 23?
False
Is 838 a factor of 1155608?
False
Is 62 a factor of 487319?
False
Is 2647359 a multiple of 11?
True
Is 164 a factor of 306844?
True
Does 55 divide 1442210?
True
Does 27 divide 2937438?
True
Is 13 a factor of 635128?
True
Does 46 divide 317842?
False
Is 5 a factor of 30970?
True
Is 13 a factor of 519597?
True
Is 10 a factor of 80962?
False
Is 16372 a multiple of 32?
False
Is 480 a factor of 269134?
False
Does 49 divide 41018?
False
Is 265 a factor of 12514360?
True
Is 28 a factor of 98534?
False
Is 1125952 a multiple of 3?
False
Is 156 a factor of 359580?
True
Does 10 divide 291480?
True
Is 95 a factor of 476330?
True
Is 490637 a multiple of 119?
True
Is 279 a factor of 608647?
False
Is 76 a factor of 1566720?
False
Is 1387948 a multiple of 45?
False
Is 4 a factor of 34976?
True
Is 9 a factor of 23835141?
True
Does 14 divide 28270?
False
Is 924117 a multiple of 227?
True
Is 13 a factor of 105382?
False
Is 11 a factor of 5884648?
True
Does 13 divide 1472562?
True
Is 9 a factor of 219856?
False
Does 173 divide 4091104?
True
Does 238 divide 25505?
False
Does 58 divide 5185084?
True
Does 12 divide 1982621?
False
Is 26 a factor of 551687?
False
Is 213282 a multiple of 289?
True
Is 157994 a multiple of 394?
True
Is 20 a factor of 39518?
False
Is 5 a factor of 435370?
True
Is 547431 a multiple of 62?
False
Is 20 a factor of 8836640?
True
Is 24656395 a multiple of 832?
False
Does 15 divide 385710?
True
Is 584861 a multiple of 99?
False
Is 584 a factor of 317112?
True
Is 3892494 a multiple of 2028?
False
Is 197 a factor of 3855290?
True
Is 54 a factor of 6738749?
False
Is 64369 a multiple of 184?
False
Is 33 a factor of 32474?
False
Is 589 a factor of 1461078?
False
Is 319 a factor of 953075?
False
Is 974 a factor of 9723442?
True
Is 54 a factor of 98469?
False
Does 13 divide 288016?
False
Does 20 divide 2433593?
False
Does 826 divide 7201?
False
Is 3405 a multiple of 5?
True
Is 43 a factor of 90171?
True
Does 301 divide 2166899?
True
Is 3 a factor of 15863?
False
Is 12 a factor of 13486968?
True
Is 522732 a multiple of 21?
True
Is 847870 a multiple of 5?
True
Does 11 divide 831071?
False
Is 738 a factor of 4484603?
False
Is 6585128 a multiple of 44?
True
Is 103896 a multiple of 24?
True
Is 15 a factor of 10865207?
False
Does 333 divide 117472?
False
Does 16 divide 195241?
False
Is 14992926 a multiple of 26?
True
Is 638957 a multiple of 12?
False
Is 21204 a multiple of 12?
True
Is 190 a factor of 777480?
True
Does 139 divide 514995?
True
Is 267840 a multiple of 44?
False
Is 25896 a multiple of 24?
True
Does 265 divide 1818960?
True
Does 19 divide 4455481?
True
Does 209 divide 256025?
True
Is 14305654 a multiple of 11?
True
Is 91 a factor of 519428?
True
Does 24 divide 654480?
True
Is 1089871 a multiple of 4?
False
Is 24 a factor of 105528?
True
Is 100 a factor of 2727231?
False
Is 107 a factor of 111754?
False
Does 22 divide 67182?
False
Is 585 a factor of 2152215?
True
Is 3742847 a multiple of 2?
False
Is 851087 a multiple of 6?
False
Is 14 a factor of 43806?
True
Is 225 a factor of 152550?
True
Is 268 a factor of 862861?
False
Is 951209 a multiple of 77?
False
Does 8 divide 1549792?
True
Does 54 divide 95041?
False
Does 68 divide 507226?
False
Does 30 divide 874250?
False
Is 881556 a multiple of 35?
False
Is 7 a factor of 3869276?
False
Is 362 a factor of 6934110?
True
Does 710 divide 2729183?
False
Is 466 a factor of 344374?
True
Is 683540 a multiple of 55?
True
Is 22 a factor of 51282?
True
Is 44 a factor of 1008887?
False
Does 204 divide 3308482?
False
Is 1509397 a multiple of 96?
False
Is 60152 a multiple of 24?
False
Is 203 a factor of 592579?
False
Is 38 a factor of 4060490?
True
Does 96 divide 11450501?
False
Is 172 a factor of 594604?
True
Is 5 a factor of 32779?
False
Is 23 a factor of 560518?
False
Is 301410 a multiple of 45?
True
Does 42 divide 5328372?
True
Does 116 divide 1587689?
False
Does 3 divide 5868?
True
Is 1336 a multiple of 32?
False
Does 152 divide 15673480?
True
Is 417534 a multiple of 5?
False
Is 33 a factor of 11362659?
True
Is 175571 a multiple of 302?
False
Does 15 divide 5338580?
False
Is 446 a factor of 8540429?
False
Is 110720 a multiple of 20?
True
Is 8679916 a multiple of 1484?
True
Is 16 a factor of 658500?
False
Is 164 a factor of 595648?
True
Is 441468 a multiple of 7?
False
Does 24 divide 13332504?
True
Is 652518 a multiple of 10?
False
Is 32626 a multiple of 11?
True
Is 165447 a multiple of 19?
False
Does 54 divide 15750708?
False
Is 6897058 a multiple of 14?
True
Does 706 divide 267574?
True
Does 21 divide 3286909?
False
Is 56426 a multiple of 317?
True
Is 362691 a multiple of 399?
True
Is 160398 a multiple of 63?
True
Is 7917847 a multiple of 19?
False
Is 185 a factor of 198505?
True
Is 29 a factor of 3786326?
False
Is 341000 a multiple of 18?
False
Does 8 divide 56437?
False
Is 43494 a multiple of 6?
True
Is 81 a factor of 1838969?
False
Does 117 divide 1319643?
True
Is 250 a factor of 139126?
False
Does 5 divide 19993765?
True
Does 26 divide 26480?
False
Does 186 divide 265096?
False
Is 11 a factor of 274673?
False
Is 758 a factor of 7697835?
False
Does 26 divide 87713?
False
Does 37 divide 456321?
True
Does 66 divide 1443463?
False
Is 1506318 a multiple of 66?
True
Is 25659188 a multiple of 34?
True
Does 75 divide 111525?
True
Is 114046 a multiple of 7?
False
Is 69 a factor of 334374?
True
Does 35 divide 1581020?
True
Does 16 divide 414813?
False
Is 3002332 a multiple of 773?
True
Is 2236644 a multiple of 38?
False
Does 307 divide 147360?
True
Is 13 a factor of 5002270?
True
Is 128349 a multiple of 117?
True
Is 913903 a multiple of 267?
False
Does 177 divide 1110144?
True
Does 719 divide 613307?
True
Is 22 a factor of 522478?
True
Is 4011120 a multiple of 81?
True
Does 73 divide 3358?
True
Is 374136 a multiple of 102?
True
Is 223 a factor of 1344689?
False
Is 535157 a multiple of 15?
False
Is 89920 a multiple of 167?
False
Is 72 a factor of 2821704?
False
Is 533152 a multiple of 8?
True
Is 394 a factor of 15007066?
True
Does 108 divide 2214744?
False
Is 420 a factor of 1874022?
False
Is 9446094 a multiple of 1098?
True
Does 19 divide 42750?
True
Does 92 divide 305390?
False
Is 118 a factor of 37170?
True
Is 12 a factor of 30448?
False
Is 6114804 a multiple of 1632?
False
Is 35 a factor of 222705?
True
Does 13 divide 449801?
False
Does 16 divide 2457648?
True
Does 31 divide 18966?
False
Does 14 divide 3287592?
True
Does 30 divide 8300?
False
Does 38 divide 959272?
True
Is 19732792 a multiple of 12?
False
Is 377950 a multiple of 50?
True
Is 302080 a multiple of 41?
False
Does 78 divide 258258?
True
Is 28 a factor of 1688896?
False
Is 60 a factor of 3363480?
True
Does 865 divide 497375?
True
Is 406300 a multiple of 26?
False
Is 10 a factor of 36333?
False
Does 7 divide 377804?
True
Is 16 a factor of 16036783?
False
Does 251 divide 2012221?
False
Does 189 divide 530334?
True
Does 158 divide 703574?
True
Does 8 divide 8400?
True
Is 12 a factor of 2140042?
False
Is 742454 a multiple of 13?
False
Does 26 divide 2990836?
False
Is 28 a factor of 64820?
True
Is 44 a factor of 86965?
False
Does 17 divide 407507?
True
Does 526 divide 20073?
False
Is 67 a factor of 386787?
False
Does 16 divide 2913669?
False
Is 341808 a multiple of 25?
False
Is 8358808 a multiple of 32?
False
Is 663 a factor of 558246?
True
Is 27023 even?
False
Is 29 a factor of 1131724?
False
Is 3 a factor of 2401?
False
Is 296467 a multiple of 2?
False
Is 179402 a multiple of 20?
False
Does 20 divide 514332?
False
Is 20 a factor of 59750?
False
Is 595322 a multiple of 13?
True
Is 1658047 a multiple of 23?
True
Is 181528 a multiple of 207?
False
Is 128330 a multiple of 6?
False
Is 1212008 a multiple of 41?
False
Is 53 a factor of 3166856?
True
Is 37255 a multiple of 8?
False
Does 7 divide 37856?
True
Does 222 divide 662892?
True
Is 52 a factor of 48916?
False
Is 146368 a multiple of 34?
False
Is 20 a factor of 5233040?
True
Is 7 a factor of 36682?
False
Does 308 divide 10185560?
True
Is 549 a factor of 21479?
False
Is 14 a factor of 720587?
False
Is 91476 a multiple of 44?
True
Is 5955 even?
False
Does 5 divide 51910?
True
Does 63 divide 18900?
True
Is 6